{"id":1183,"date":"2016-09-05T19:26:14","date_gmt":"2016-09-05T19:26:14","guid":{"rendered":"http:\/\/demos.famethemes.com\/screenr\/?page_id=8"},"modified":"2024-02-06T16:00:13","modified_gmt":"2024-02-06T13:00:13","slug":"about","status":"publish","type":"page","link":"http:\/\/bekirkivrim.com.tr\/index.php\/about\/","title":{"rendered":"About"},"content":{"rendered":"\t\t<div data-elementor-type=\"wp-page\" data-elementor-id=\"1183\" class=\"elementor elementor-1183\">\n\t\t\t\t<div class=\"elementor-element elementor-element-c2a646d e-flex e-con-boxed e-con e-parent\" data-id=\"c2a646d\" data-element_type=\"container\" data-settings=\"{&quot;content_width&quot;:&quot;boxed&quot;}\" data-core-v316-plus=\"true\">\n\t\t\t\t\t<div class=\"e-con-inner\">\n\t\t\t\t<div class=\"elementor-element elementor-element-768c7ca elementor-widget elementor-widget-image\" data-id=\"768c7ca\" data-element_type=\"widget\" data-widget_type=\"image.default\">\n\t\t\t\t<div class=\"elementor-widget-container\">\n\t\t\t<style>\/*! elementor - v3.19.0 - 29-01-2024 *\/\n.elementor-widget-image{text-align:center}.elementor-widget-image a{display:inline-block}.elementor-widget-image a img[src$=\".svg\"]{width:48px}.elementor-widget-image img{vertical-align:middle;display:inline-block}<\/style>\t\t\t\t\t\t\t\t\t\t<img decoding=\"async\" width=\"300\" height=\"166\" src=\"http:\/\/bekirkivrim.com.tr\/wp-content\/uploads\/2024\/02\/4-300x166.png\" class=\"attachment-medium size-medium wp-image-1232\" alt=\"\" srcset=\"http:\/\/bekirkivrim.com.tr\/wp-content\/uploads\/2024\/02\/4-300x166.png 300w, http:\/\/bekirkivrim.com.tr\/wp-content\/uploads\/2024\/02\/4-200x111.png 200w, http:\/\/bekirkivrim.com.tr\/wp-content\/uploads\/2024\/02\/4.png 360w\" sizes=\"(max-width: 300px) 100vw, 300px\" \/>\t\t\t\t\t\t\t\t\t\t\t\t\t<\/div>\n\t\t\t\t<\/div>\n\t\t\t\t\t<\/div>\n\t\t\t\t<\/div>\n\t\t<div class=\"elementor-element elementor-element-191bae2 e-flex e-con-boxed e-con e-parent\" data-id=\"191bae2\" data-element_type=\"container\" data-settings=\"{&quot;content_width&quot;:&quot;boxed&quot;}\" data-core-v316-plus=\"true\">\n\t\t\t\t\t<div class=\"e-con-inner\">\n\t\t\t\t<div class=\"elementor-element elementor-element-308f60a4 elementor-widget elementor-widget-text-editor\" data-id=\"308f60a4\" data-element_type=\"widget\" data-widget_type=\"text-editor.default\">\n\t\t\t\t<div class=\"elementor-widget-container\">\n\t\t\t<style>\/*! elementor - v3.19.0 - 29-01-2024 *\/\n.elementor-widget-text-editor.elementor-drop-cap-view-stacked .elementor-drop-cap{background-color:#69727d;color:#fff}.elementor-widget-text-editor.elementor-drop-cap-view-framed .elementor-drop-cap{color:#69727d;border:3px solid;background-color:transparent}.elementor-widget-text-editor:not(.elementor-drop-cap-view-default) .elementor-drop-cap{margin-top:8px}.elementor-widget-text-editor:not(.elementor-drop-cap-view-default) .elementor-drop-cap-letter{width:1em;height:1em}.elementor-widget-text-editor .elementor-drop-cap{float:left;text-align:center;line-height:1;font-size:50px}.elementor-widget-text-editor .elementor-drop-cap-letter{display:inline-block}<\/style>\t\t\t\t<p>3.03.1978 YILINDA ANTALYA DA DO\u011eDUM. \u0130LK ORTA VE L\u0130SE E\u011e\u0130T\u0130M\u0130M\u0130 ANTALYADA TAMAMLADIM. <br \/>\u00dcN\u0130VERTS\u0130TE E\u011e\u0130TT\u0130M\u0130M\u0130NE 1996 YILINDA ISPARTA S\u00dcLEYMAN DEM\u0130REL \u00dcN\u0130VERS\u0130TES\u0130 \u0130KT\u0130SAD\u0130 VE \u0130DAR\u0130 B\u0130L\u0130MLER FAK\u00dcLTES\u0130 \u0130\u015eLETME B\u00d6L\u00dcM\u00dcNE BA\u015eLAYIP 2000 YILINDA MEZUN OLDUM. <br \/>2000 YILINDAN 2009 YILINA KADAR \u00d6ZEL SEKT\u00d6RDE Y\u00d6NET\u0130C\u0130 POZ\u0130SYONUNDA \u00c7ALI\u015eTIM. <br \/>2002-2003 YILLARI ARASINDA VATAN\u0130 G\u00d6REV\u0130M\u0130 ERZURUMDA TAMAMLADIM. <br \/>2004 YILINDA MELEK KIVRIM \u0130LE EVLEN\u0130P; 3 \u00c7OCUK SAH\u0130B\u0130Y\u0130M. <br \/>2005 YILINDA SERBEST MUHASEBEC\u0130 MAL\u0130 M\u00dc\u015eAV\u0130R \u00dcNVANINI ALDIM. AYNI YIL ANTALYA SERBEST MUHASEBEC\u0130 MAL\u0130 M\u00dc\u015eAV\u0130RLER ODASINA KAYIT OLDUM. <br \/>2009 YILINDAN BER\u0130 KEND\u0130 \u0130\u015eYER\u0130MDE SERBEST MUHASEBEC\u0130 MAL\u0130 M\u00dc\u015eAV\u0130RL\u0130K YAPMAKTAYIM. <br \/>2016-2019 YILLARI ARASINDA ANTALYA SERBEST MUHASEBEC\u0130 MAL\u0130 M\u00dc\u015eAV\u0130RLER ODASINDA ODA Y\u00d6NET\u0130C\u0130S\u0130 OLARAK G\u00d6REV YAPTIM. 2016-2022 YILLARINDA 2 D\u00d6NEM T\u00dcRMOB \u00dcST DELEGEL\u0130\u011e\u0130 YAPTIM. <br \/>PART\u0130M\u0130Z\u0130N KURULU\u015eUNDAN 2011 YILINA KADAR PART\u0130M\u0130ZDE SANDIK BA\u015eI OKUL SORUMLULU\u011eU G\u0130B\u0130 \u00c7E\u015e\u0130TL\u0130 G\u00d6REVLER YAPTIM. <br \/>2011 YILINDA YAPILAN 2. D\u00d6\u015eEMEALTI OLA\u011eAN \u0130L\u00c7E KONGRES\u0130NDE YEDEK Y\u00d6NET\u0130M KURULU \u00dcYES\u0130 SE\u00c7\u0130L\u0130P. 2011 -2014 YILLARI ARASINDA D\u00d6\u015eEMEALTI \u0130L\u00c7E TE\u015eK\u0130LATINDA YEDEK Y\u00d6NET\u0130M KURULU \u00dcYES\u0130 OLARAK G\u00d6REV YAPTIM. <br \/>2014 YILI YEREL SE\u00c7\u0130MLER\u0130NDE D\u00d6\u015eEMEALTI BELED\u0130YE MECL\u0130S \u00dcYEL\u0130\u011e\u0130NE KONTENJAN 1. SIRADAN ADAY OLDUM.<br \/>2014 YILINDA YAPILAN 3. OLA\u011eAN \u0130L\u00c7E KONGRES\u0130NDE Y\u00d6NET\u0130M KURULU \u00dcYES\u0130 SE\u00c7\u0130L\u0130P. TE\u015eK\u0130LATLARDAN SORUMLU \u0130L\u00c7E BA\u015eKAN YARDIMCILI\u011eI G\u00d6REV\u0130N\u0130 \u00dcSTLEND\u0130M. 2014-2017 YILLARI ARASINDA \u0130L\u00c7E TE\u015eK\u0130LAT BA\u015eKANI OLARAK G\u00d6REV YAPTIM. <br \/>2017 YILINDA YAPILAN 4. OLA\u011eAN \u0130L\u00c7E KONGRES\u0130NDE D\u00d6\u015eEMEALTI \u0130L\u00c7E BA\u015eKANI SE\u00c7\u0130LD\u0130M. <br \/>2020 YILINDA YAPILAN 5. OLA\u011eAN \u0130L\u00c7E KONGRES\u0130NDE G\u00dcVEN TAZELEYEREK TEKRAR D\u00d6\u015eEMEALTI \u0130L\u00c7E BA\u015eKANI SE\u00c7\u0130LD\u0130M. <br \/>29 AGUSTOS 2023 G\u00dcN\u00dc AKPART\u0130 D\u00d6\u015eEMEALTI \u0130L\u00c7E BELED\u0130YE BA\u015eKAN ADAY ADAYLI\u011eI \u0130\u00c7\u0130N \u0130L\u00c7E BA\u015eKANLI\u011eINDAN \u0130ST\u0130FA ETT\u0130M.<i><\/i><\/p>\t\t\t\t\t\t<\/div>\n\t\t\t\t<\/div>\n\t\t\t\t\t<\/div>\n\t\t\t\t<\/div>\n\t\t\t\t<\/div>\n\t\t","protected":false},"excerpt":{"rendered":"<p>3.03.1978 YILINDA ANTALYA DA DO\u011eDUM. \u0130LK ORTA VE L\u0130SE E\u011e\u0130T\u0130M\u0130M\u0130 ANTALYADA TAMAMLADIM. \u00dcN\u0130VERTS\u0130TE E\u011e\u0130TT\u0130M\u0130M\u0130NE 1996 YILINDA ISPARTA S\u00dcLEYMAN DEM\u0130REL \u00dcN\u0130VERS\u0130TES\u0130 \u0130KT\u0130SAD\u0130 VE \u0130DAR\u0130 B\u0130L\u0130MLER FAK\u00dcLTES\u0130 \u0130\u015eLETME B\u00d6L\u00dcM\u00dcNE BA\u015eLAYIP 2000 YILINDA MEZUN OLDUM. 2000 YILINDAN 2009 YILINA KADAR \u00d6ZEL SEKT\u00d6RDE Y\u00d6NET\u0130C\u0130 POZ\u0130SYONUNDA \u00c7ALI\u015eTIM. 2002-2003 YILLARI ARASINDA VATAN\u0130 G\u00d6REV\u0130M\u0130 ERZURUMDA TAMAMLADIM. 2004&#8230;<\/p>\n","protected":false},"author":2,"featured_media":0,"parent":0,"menu_order":0,"comment_status":"closed","ping_status":"closed","template":"","meta":{"footnotes":""},"class_list":["post-1183","page","type-page","status-publish","hentry"],"_links":{"self":[{"href":"http:\/\/bekirkivrim.com.tr\/index.php\/wp-json\/wp\/v2\/pages\/1183","targetHints":{"allow":["GET"]}}],"collection":[{"href":"http:\/\/bekirkivrim.com.tr\/index.php\/wp-json\/wp\/v2\/pages"}],"about":[{"href":"http:\/\/bekirkivrim.com.tr\/index.php\/wp-json\/wp\/v2\/types\/page"}],"author":[{"embeddable":true,"href":"http:\/\/bekirkivrim.com.tr\/index.php\/wp-json\/wp\/v2\/users\/2"}],"replies":[{"embeddable":true,"href":"http:\/\/bekirkivrim.com.tr\/index.php\/wp-json\/wp\/v2\/comments?post=1183"}],"version-history":[{"count":4,"href":"http:\/\/bekirkivrim.com.tr\/index.php\/wp-json\/wp\/v2\/pages\/1183\/revisions"}],"predecessor-version":[{"id":1240,"href":"http:\/\/bekirkivrim.com.tr\/index.php\/wp-json\/wp\/v2\/pages\/1183\/revisions\/1240"}],"wp:attachment":[{"href":"http:\/\/bekirkivrim.com.tr\/index.php\/wp-json\/wp\/v2\/media?parent=1183"}],"curies":[{"name":"wp","href":"https:\/\/api.w.org\/{rel}","templated":true}]}}

<div data-elementor-type="wp-page" data-elementor-id="1183" class="elementor elementor-1183">
				<div class="elementor-element elementor-element-c2a646d e-flex e-con-boxed e-con e-parent" data-id="c2a646d" data-element_type="container" data-settings="{&quot;content_width&quot;:&quot;boxed&quot;}" data-core-v316-plus="true">
					<div class="e-con-inner">
				<div class="elementor-element elementor-element-768c7ca elementor-widget elementor-widget-image" data-id="768c7ca" data-element_type="widget" data-widget_type="image.default">
				<div class="elementor-widget-container">
			<style>/*! elementor - v3.19.0 - 29-01-2024 */
.elementor-widget-image{text-align:center}.elementor-widget-image a{display:inline-block}.elementor-widget-image a img[src$=".svg"]{width:48px}.elementor-widget-image img{vertical-align:middle;display:inline-block}</style>										<img decoding="async" width="300" height="166" src="http://bekirkivrim.com.tr/wp-content/uploads/2024/02/4-300x166.png" class="attachment-medium size-medium wp-image-1232" alt="" srcset="http://bekirkivrim.com.tr/wp-content/uploads/2024/02/4-300x166.png 300w, http://bekirkivrim.com.tr/wp-content/uploads/2024/02/4-200x111.png 200w, http://bekirkivrim.com.tr/wp-content/uploads/2024/02/4.png 360w" sizes="(max-width: 300px) 100vw, 300px" />													</div>
				</div>
					</div>
				</div>
		<div class="elementor-element elementor-element-191bae2 e-flex e-con-boxed e-con e-parent" data-id="191bae2" data-element_type="container" data-settings="{&quot;content_width&quot;:&quot;boxed&quot;}" data-core-v316-plus="true">
					<div class="e-con-inner">
				<div class="elementor-element elementor-element-308f60a4 elementor-widget elementor-widget-text-editor" data-id="308f60a4" data-element_type="widget" data-widget_type="text-editor.default">
				<div class="elementor-widget-container">
			<style>/*! elementor - v3.19.0 - 29-01-2024 */
.elementor-widget-text-editor.elementor-drop-cap-view-stacked .elementor-drop-cap{background-color:#69727d;color:#fff}.elementor-widget-text-editor.elementor-drop-cap-view-framed .elementor-drop-cap{color:#69727d;border:3px solid;background-color:transparent}.elementor-widget-text-editor:not(.elementor-drop-cap-view-default) .elementor-drop-cap{margin-top:8px}.elementor-widget-text-editor:not(.elementor-drop-cap-view-default) .elementor-drop-cap-letter{width:1em;height:1em}.elementor-widget-text-editor .elementor-drop-cap{float:left;text-align:center;line-height:1;font-size:50px}.elementor-widget-text-editor .elementor-drop-cap-letter{display:inline-block}</style>				<p>3.03.1978 YILINDA ANTALYA DA DOĞDUM. İLK ORTA VE LİSE EĞİTİMİMİ ANTALYADA TAMAMLADIM. <br />ÜNİVERTSİTE EĞİTTİMİMİNE 1996 YILINDA ISPARTA SÜLEYMAN DEMİREL ÜNİVERSİTESİ İKTİSADİ VE İDARİ BİLİMLER FAKÜLTESİ İŞLETME BÖLÜMÜNE BAŞLAYIP 2000 YILINDA MEZUN OLDUM. <br />2000 YILINDAN 2009 YILINA KADAR ÖZEL SEKTÖRDE YÖNETİCİ POZİSYONUNDA ÇALIŞTIM. <br />2002-2003 YILLARI ARASINDA VATANİ GÖREVİMİ ERZURUMDA TAMAMLADIM. <br />2004 YILINDA MELEK KIVRIM İLE EVLENİP; 3 ÇOCUK SAHİBİYİM. <br />2005 YILINDA SERBEST MUHASEBECİ MALİ MÜŞAVİR ÜNVANINI ALDIM. AYNI YIL ANTALYA SERBEST MUHASEBECİ MALİ MÜŞAVİRLER ODASINA KAYIT OLDUM. <br />2009 YILINDAN BERİ KENDİ İŞYERİMDE SERBEST MUHASEBECİ MALİ MÜŞAVİRLİK YAPMAKTAYIM. <br />2016-2019 YILLARI ARASINDA ANTALYA SERBEST MUHASEBECİ MALİ MÜŞAVİRLER ODASINDA ODA YÖNETİCİSİ OLARAK GÖREV YAPTIM. 2016-2022 YILLARINDA 2 DÖNEM TÜRMOB ÜST DELEGELİĞİ YAPTIM. <br />PARTİMİZİN KURULUŞUNDAN 2011 YILINA KADAR PARTİMİZDE SANDIK BAŞI OKUL SORUMLULUĞU GİBİ ÇEŞİTLİ GÖREVLER YAPTIM. <br />2011 YILINDA YAPILAN 2. DÖŞEMEALTI OLAĞAN İLÇE KONGRESİNDE YEDEK YÖNETİM KURULU ÜYESİ SEÇİLİP. 2011 -2014 YILLARI ARASINDA DÖŞEMEALTI İLÇE TEŞKİLATINDA YEDEK YÖNETİM KURULU ÜYESİ OLARAK GÖREV YAPTIM. <br />2014 YILI YEREL SEÇİMLERİNDE DÖŞEMEALTI BELEDİYE MECLİS ÜYELİĞİNE KONTENJAN 1. SIRADAN ADAY OLDUM.<br />2014 YILINDA YAPILAN 3. OLAĞAN İLÇE KONGRESİNDE YÖNETİM KURULU ÜYESİ SEÇİLİP. TEŞKİLATLARDAN SORUMLU İLÇE BAŞKAN YARDIMCILIĞI GÖREVİNİ ÜSTLENDİM. 2014-2017 YILLARI ARASINDA İLÇE TEŞKİLAT BAŞKANI OLARAK GÖREV YAPTIM. <br />2017 YILINDA YAPILAN 4. OLAĞAN İLÇE KONGRESİNDE DÖŞEMEALTI İLÇE BAŞKANI SEÇİLDİM. <br />2020 YILINDA YAPILAN 5. OLAĞAN İLÇE KONGRESİNDE GÜVEN TAZELEYEREK TEKRAR DÖŞEMEALTI İLÇE BAŞKANI SEÇİLDİM. <br />29 AGUSTOS 2023 GÜNÜ AKPARTİ DÖŞEMEALTI İLÇE BELEDİYE BAŞKAN ADAY ADAYLIĞI İÇİN İLÇE BAŞKANLIĞINDAN İSTİFA ETTİM.<i></i></p>						</div>
				</div>
					</div>
				</div>
				</div>

<p>3.03.1978 YILINDA ANTALYA DA DOĞDUM. İLK ORTA VE LİSE EĞİTİMİMİ ANTALYADA TAMAMLADIM. ÜNİVERTSİTE EĞİTTİMİMİNE 1996 YILINDA ISPARTA SÜLEYMAN DEMİREL ÜNİVERSİTESİ İKTİSADİ VE İDARİ BİLİMLER FAKÜLTESİ İŞLETME BÖLÜMÜNE BAŞLAYIP 2000 YILINDA MEZUN OLDUM. 2000 YILINDAN 2009 YILINA KADAR ÖZEL SEKTÖRDE YÖNETİCİ POZİSYONUNDA ÇALIŞTIM. 2002-2003 YILLARI ARASINDA VATANİ GÖREVİMİ ERZURUMDA TAMAMLADIM. 2004&#8230;</p>
