{"id":24,"date":"2024-01-18T11:26:47","date_gmt":"2024-01-18T08:26:47","guid":{"rendered":"http:\/\/bekirkivrim.com.tr\/?page_id=24"},"modified":"2024-01-31T16:40:26","modified_gmt":"2024-01-31T13:40:26","slug":"haberler","status":"publish","type":"page","link":"http:\/\/bekirkivrim.com.tr\/index.php\/haberler\/","title":{"rendered":"HABERLER"},"content":{"rendered":"\n<blockquote class=\"wp-block-quote is-style-default has-luminous-vivid-amber-color has-text-color has-link-color wp-elements-f74818acb28f561760ddb87643085f23 is-layout-flow wp-block-quote-is-layout-flow\">\n<h2 class=\"wp-block-heading has-luminous-vivid-amber-color has-text-color has-link-color wp-elements-23847ae91c73c036d772357cbd6e05ec\">Haberler<\/h2>\n<\/blockquote>\n\n\n\n<div class=\"wp-block-columns is-layout-flex wp-container-core-columns-is-layout-9d6595d7 wp-block-columns-is-layout-flex\">\n<div class=\"wp-block-column is-layout-flow wp-block-column-is-layout-flow\"><\/div>\n<\/div>\n\n\n\n<div class=\"wp-block-query is-layout-flow wp-block-query-is-layout-flow\"><ul class=\"wp-block-post-template is-layout-flow wp-block-post-template-is-layout-flow\"><li class=\"wp-block-post post-1356 post type-post status-publish format-standard has-post-thumbnail hentry category-genel\">\n\n<div class=\"wp-block-columns is-layout-flex wp-container-core-columns-is-layout-9d6595d7 wp-block-columns-is-layout-flex\">\n<div class=\"wp-block-column is-layout-flow wp-block-column-is-layout-flow\" style=\"flex-basis:25%\"><figure class=\"wp-block-post-featured-image\"><a href=\"http:\/\/bekirkivrim.com.tr\/index.php\/2024\/02\/29\/bekir-kivramdan-sanayi-esnafina-ziyaret\/\" target=\"_self\"  ><img fetchpriority=\"high\" decoding=\"async\" width=\"685\" height=\"456\" src=\"http:\/\/bekirkivrim.com.tr\/wp-content\/uploads\/2024\/02\/bekir-kivram-dan-sanayi-esnafina-ziyaret-1709200524.jpg\" class=\"attachment-post-thumbnail size-post-thumbnail wp-post-image\" alt=\"Bekir K\u0131vram\u2019dan sanayi esnaf\u0131na ziyaret\" style=\"object-fit:cover;\" srcset=\"http:\/\/bekirkivrim.com.tr\/wp-content\/uploads\/2024\/02\/bekir-kivram-dan-sanayi-esnafina-ziyaret-1709200524.jpg 685w, http:\/\/bekirkivrim.com.tr\/wp-content\/uploads\/2024\/02\/bekir-kivram-dan-sanayi-esnafina-ziyaret-1709200524-300x200.jpg 300w, http:\/\/bekirkivrim.com.tr\/wp-content\/uploads\/2024\/02\/bekir-kivram-dan-sanayi-esnafina-ziyaret-1709200524-200x133.jpg 200w\" sizes=\"(max-width: 685px) 100vw, 685px\" \/><\/a><\/figure><\/div>\n\n\n\n<div class=\"wp-block-column is-vertically-aligned-center is-layout-flow wp-block-column-is-layout-flow\" style=\"flex-basis:75%\"><h4 class=\"wp-block-post-title\"><a href=\"http:\/\/bekirkivrim.com.tr\/index.php\/2024\/02\/29\/bekir-kivramdan-sanayi-esnafina-ziyaret\/\" target=\"_self\" >Bekir K\u0131vram\u2019dan sanayi esnaf\u0131na ziyaret<\/a><\/h4><\/div>\n<\/div>\n\n<\/li><li class=\"wp-block-post post-1352 post type-post status-publish format-standard has-post-thumbnail hentry category-genel\">\n\n<div class=\"wp-block-columns is-layout-flex wp-container-core-columns-is-layout-9d6595d7 wp-block-columns-is-layout-flex\">\n<div class=\"wp-block-column is-layout-flow wp-block-column-is-layout-flow\" style=\"flex-basis:25%\"><figure class=\"wp-block-post-featured-image\"><a href=\"http:\/\/bekirkivrim.com.tr\/index.php\/2024\/02\/29\/dosemealtina-teleferik-vaadi\/\" target=\"_self\"  ><img decoding=\"async\" width=\"1280\" height=\"720\" src=\"http:\/\/bekirkivrim.com.tr\/wp-content\/uploads\/2024\/02\/dosemealti-adayindan-teleferik-vaadi.webp\" class=\"attachment-post-thumbnail size-post-thumbnail wp-post-image\" alt=\"D\u00f6\u015femealt\u0131&#8217;na teleferik vaadi\" style=\"object-fit:cover;\" srcset=\"http:\/\/bekirkivrim.com.tr\/wp-content\/uploads\/2024\/02\/dosemealti-adayindan-teleferik-vaadi.webp 1280w, http:\/\/bekirkivrim.com.tr\/wp-content\/uploads\/2024\/02\/dosemealti-adayindan-teleferik-vaadi-300x169.webp 300w, http:\/\/bekirkivrim.com.tr\/wp-content\/uploads\/2024\/02\/dosemealti-adayindan-teleferik-vaadi-1024x576.webp 1024w, http:\/\/bekirkivrim.com.tr\/wp-content\/uploads\/2024\/02\/dosemealti-adayindan-teleferik-vaadi-768x432.webp 768w, http:\/\/bekirkivrim.com.tr\/wp-content\/uploads\/2024\/02\/dosemealti-adayindan-teleferik-vaadi-200x113.webp 200w\" sizes=\"(max-width: 1280px) 100vw, 1280px\" \/><\/a><\/figure><\/div>\n\n\n\n<div class=\"wp-block-column is-vertically-aligned-center is-layout-flow wp-block-column-is-layout-flow\" style=\"flex-basis:75%\"><h4 class=\"wp-block-post-title\"><a href=\"http:\/\/bekirkivrim.com.tr\/index.php\/2024\/02\/29\/dosemealtina-teleferik-vaadi\/\" target=\"_self\" >D\u00f6\u015femealt\u0131&#8217;na teleferik vaadi<\/a><\/h4><\/div>\n<\/div>\n\n<\/li><li class=\"wp-block-post post-1350 post type-post status-publish format-standard has-post-thumbnail hentry category-genel\">\n\n<div class=\"wp-block-columns is-layout-flex wp-container-core-columns-is-layout-9d6595d7 wp-block-columns-is-layout-flex\">\n<div class=\"wp-block-column is-layout-flow wp-block-column-is-layout-flow\" style=\"flex-basis:25%\"><figure class=\"wp-block-post-featured-image\"><a href=\"http:\/\/bekirkivrim.com.tr\/index.php\/2024\/02\/29\/cumhur-ittifaki-dosemealti-belediye-baskan-adayi-bekir-kivrim-gun-sayiyor\/\" target=\"_self\"  ><img decoding=\"async\" width=\"640\" height=\"416\" src=\"http:\/\/bekirkivrim.com.tr\/wp-content\/uploads\/2024\/02\/bekirkivrim-1.jpg\" class=\"attachment-post-thumbnail size-post-thumbnail wp-post-image\" alt=\"Cumhur \u0130ttifak\u0131 D\u00f6\u015femealt\u0131 Belediye Ba\u015fkan Aday\u0131 Bekir K\u0131vr\u0131m g\u00fcn say\u0131yor!\" style=\"object-fit:cover;\" srcset=\"http:\/\/bekirkivrim.com.tr\/wp-content\/uploads\/2024\/02\/bekirkivrim-1.jpg 640w, http:\/\/bekirkivrim.com.tr\/wp-content\/uploads\/2024\/02\/bekirkivrim-1-300x195.jpg 300w, http:\/\/bekirkivrim.com.tr\/wp-content\/uploads\/2024\/02\/bekirkivrim-1-200x130.jpg 200w\" sizes=\"(max-width: 640px) 100vw, 640px\" \/><\/a><\/figure><\/div>\n\n\n\n<div class=\"wp-block-column is-vertically-aligned-center is-layout-flow wp-block-column-is-layout-flow\" style=\"flex-basis:75%\"><h4 class=\"wp-block-post-title\"><a href=\"http:\/\/bekirkivrim.com.tr\/index.php\/2024\/02\/29\/cumhur-ittifaki-dosemealti-belediye-baskan-adayi-bekir-kivrim-gun-sayiyor\/\" target=\"_self\" >Cumhur \u0130ttifak\u0131 D\u00f6\u015femealt\u0131 Belediye Ba\u015fkan Aday\u0131 Bekir K\u0131vr\u0131m g\u00fcn say\u0131yor!<\/a><\/h4><\/div>\n<\/div>\n\n<\/li><\/ul><\/div>\n","protected":false},"excerpt":{"rendered":"<p>Haberler<\/p>\n","protected":false},"author":1,"featured_media":0,"parent":0,"menu_order":0,"comment_status":"closed","ping_status":"closed","template":"","meta":{"footnotes":""},"class_list":["post-24","page","type-page","status-publish","hentry"],"_links":{"self":[{"href":"http:\/\/bekirkivrim.com.tr\/index.php\/wp-json\/wp\/v2\/pages\/24","targetHints":{"allow":["GET"]}}],"collection":[{"href":"http:\/\/bekirkivrim.com.tr\/index.php\/wp-json\/wp\/v2\/pages"}],"about":[{"href":"http:\/\/bekirkivrim.com.tr\/index.php\/wp-json\/wp\/v2\/types\/page"}],"author":[{"embeddable":true,"href":"http:\/\/bekirkivrim.com.tr\/index.php\/wp-json\/wp\/v2\/users\/1"}],"replies":[{"embeddable":true,"href":"http:\/\/bekirkivrim.com.tr\/index.php\/wp-json\/wp\/v2\/comments?post=24"}],"version-history":[{"count":8,"href":"http:\/\/bekirkivrim.com.tr\/index.php\/wp-json\/wp\/v2\/pages\/24\/revisions"}],"predecessor-version":[{"id":172,"href":"http:\/\/bekirkivrim.com.tr\/index.php\/wp-json\/wp\/v2\/pages\/24\/revisions\/172"}],"wp:attachment":[{"href":"http:\/\/bekirkivrim.com.tr\/index.php\/wp-json\/wp\/v2\/media?parent=24"}],"curies":[{"name":"wp","href":"https:\/\/api.w.org\/{rel}","templated":true}]}}

<blockquote class="wp-block-quote is-style-default has-luminous-vivid-amber-color has-text-color has-link-color wp-elements-f74818acb28f561760ddb87643085f23 is-layout-flow wp-block-quote-is-layout-flow">
<h2 class="wp-block-heading has-luminous-vivid-amber-color has-text-color has-link-color wp-elements-23847ae91c73c036d772357cbd6e05ec">Haberler</h2>
</blockquote>



<div class="wp-block-columns is-layout-flex wp-container-core-columns-is-layout-9d6595d7 wp-block-columns-is-layout-flex">
<div class="wp-block-column is-layout-flow wp-block-column-is-layout-flow"></div>
</div>



<div class="wp-block-query is-layout-flow wp-block-query-is-layout-flow"><ul class="wp-block-post-template is-layout-flow wp-block-post-template-is-layout-flow"><li class="wp-block-post post-1356 post type-post status-publish format-standard has-post-thumbnail hentry category-genel">

<div class="wp-block-columns is-layout-flex wp-container-core-columns-is-layout-9d6595d7 wp-block-columns-is-layout-flex">
<div class="wp-block-column is-layout-flow wp-block-column-is-layout-flow" style="flex-basis:25%"><figure class="wp-block-post-featured-image"><a href="http://bekirkivrim.com.tr/index.php/2024/02/29/bekir-kivramdan-sanayi-esnafina-ziyaret/" target="_self"  ><img fetchpriority="high" decoding="async" width="685" height="456" src="http://bekirkivrim.com.tr/wp-content/uploads/2024/02/bekir-kivram-dan-sanayi-esnafina-ziyaret-1709200524.jpg" class="attachment-post-thumbnail size-post-thumbnail wp-post-image" alt="Bekir Kıvram’dan sanayi esnafına ziyaret" style="object-fit:cover;" srcset="http://bekirkivrim.com.tr/wp-content/uploads/2024/02/bekir-kivram-dan-sanayi-esnafina-ziyaret-1709200524.jpg 685w, http://bekirkivrim.com.tr/wp-content/uploads/2024/02/bekir-kivram-dan-sanayi-esnafina-ziyaret-1709200524-300x200.jpg 300w, http://bekirkivrim.com.tr/wp-content/uploads/2024/02/bekir-kivram-dan-sanayi-esnafina-ziyaret-1709200524-200x133.jpg 200w" sizes="(max-width: 685px) 100vw, 685px" /></a></figure></div>



<div class="wp-block-column is-vertically-aligned-center is-layout-flow wp-block-column-is-layout-flow" style="flex-basis:75%"><h4 class="wp-block-post-title"><a href="http://bekirkivrim.com.tr/index.php/2024/02/29/bekir-kivramdan-sanayi-esnafina-ziyaret/" target="_self" >Bekir Kıvram’dan sanayi esnafına ziyaret</a></h4></div>
</div>

</li><li class="wp-block-post post-1352 post type-post status-publish format-standard has-post-thumbnail hentry category-genel">

<div class="wp-block-columns is-layout-flex wp-container-core-columns-is-layout-9d6595d7 wp-block-columns-is-layout-flex">
<div class="wp-block-column is-layout-flow wp-block-column-is-layout-flow" style="flex-basis:25%"><figure class="wp-block-post-featured-image"><a href="http://bekirkivrim.com.tr/index.php/2024/02/29/dosemealtina-teleferik-vaadi/" target="_self"  ><img decoding="async" width="1280" height="720" src="http://bekirkivrim.com.tr/wp-content/uploads/2024/02/dosemealti-adayindan-teleferik-vaadi.webp" class="attachment-post-thumbnail size-post-thumbnail wp-post-image" alt="Döşemealtı&#8217;na teleferik vaadi" style="object-fit:cover;" srcset="http://bekirkivrim.com.tr/wp-content/uploads/2024/02/dosemealti-adayindan-teleferik-vaadi.webp 1280w, http://bekirkivrim.com.tr/wp-content/uploads/2024/02/dosemealti-adayindan-teleferik-vaadi-300x169.webp 300w, http://bekirkivrim.com.tr/wp-content/uploads/2024/02/dosemealti-adayindan-teleferik-vaadi-1024x576.webp 1024w, http://bekirkivrim.com.tr/wp-content/uploads/2024/02/dosemealti-adayindan-teleferik-vaadi-768x432.webp 768w, http://bekirkivrim.com.tr/wp-content/uploads/2024/02/dosemealti-adayindan-teleferik-vaadi-200x113.webp 200w" sizes="(max-width: 1280px) 100vw, 1280px" /></a></figure></div>



<div class="wp-block-column is-vertically-aligned-center is-layout-flow wp-block-column-is-layout-flow" style="flex-basis:75%"><h4 class="wp-block-post-title"><a href="http://bekirkivrim.com.tr/index.php/2024/02/29/dosemealtina-teleferik-vaadi/" target="_self" >Döşemealtı&#8217;na teleferik vaadi</a></h4></div>
</div>

</li><li class="wp-block-post post-1350 post type-post status-publish format-standard has-post-thumbnail hentry category-genel">

<div class="wp-block-columns is-layout-flex wp-container-core-columns-is-layout-9d6595d7 wp-block-columns-is-layout-flex">
<div class="wp-block-column is-layout-flow wp-block-column-is-layout-flow" style="flex-basis:25%"><figure class="wp-block-post-featured-image"><a href="http://bekirkivrim.com.tr/index.php/2024/02/29/cumhur-ittifaki-dosemealti-belediye-baskan-adayi-bekir-kivrim-gun-sayiyor/" target="_self"  ><img decoding="async" width="640" height="416" src="http://bekirkivrim.com.tr/wp-content/uploads/2024/02/bekirkivrim-1.jpg" class="attachment-post-thumbnail size-post-thumbnail wp-post-image" alt="Cumhur İttifakı Döşemealtı Belediye Başkan Adayı Bekir Kıvrım gün sayıyor!" style="object-fit:cover;" srcset="http://bekirkivrim.com.tr/wp-content/uploads/2024/02/bekirkivrim-1.jpg 640w, http://bekirkivrim.com.tr/wp-content/uploads/2024/02/bekirkivrim-1-300x195.jpg 300w, http://bekirkivrim.com.tr/wp-content/uploads/2024/02/bekirkivrim-1-200x130.jpg 200w" sizes="(max-width: 640px) 100vw, 640px" /></a></figure></div>



<div class="wp-block-column is-vertically-aligned-center is-layout-flow wp-block-column-is-layout-flow" style="flex-basis:75%"><h4 class="wp-block-post-title"><a href="http://bekirkivrim.com.tr/index.php/2024/02/29/cumhur-ittifaki-dosemealti-belediye-baskan-adayi-bekir-kivrim-gun-sayiyor/" target="_self" >Cumhur İttifakı Döşemealtı Belediye Başkan Adayı Bekir Kıvrım gün sayıyor!</a></h4></div>
</div>

</li></ul></div>
